- s = 0. What is the units digit of p?
6
Let k = 1642 - -123. What is the hundreds digit of k?
7
Suppose 126 + 1044 = 6*v. What is the units digit of v + 1/3*18/(-3)?
3
Let a(s) = -3*s**3 + 15*s**2 + 36*s + 22. What is the thousands digit of a(-7)?
1
Let u(o) = 8*o - 9. Let y(k) = -k + 5. Let v be y(-6). Let l = -8 + v. What is the tens digit of u(l)?
1
Suppose u + 5*y - 2228 = 0, -160*u - y + 6614 = -157*u. What is the tens digit of u?
0
Let h = 606 - -1459. What is the thousands digit of h?
2
Suppose x = 4*b, b + 0*b = 0. Let p be (-5)/5 - (-29 - x). What is the tens digit of 6/(-2) + p + 0?
2
Let g(b) = 2*b**2 + 16*b - 46. What is the units digit of g(21)?
2
Let g be (-168 - (1 - 1))*4/(-4). Suppose -4*k = k - 10. Suppose -3*j + 12 - g = -5*w, -5*w + k*j = -159. What is the tens digit of w?
3
Let c = -44 - -31. Let u be (-4)/(((-2)/c)/(-1)). Suppose -30 = -2*p + u. What is the tens digit of p?
2
Let f(p) = -12*p + 8 + 6*p - 23 - 7*p - p**2. What is the units digit of f(-9)?
1
Suppose 5*z = 2*w - 140, -3*z + 5*z = -w + 88. What is the units digit of w?
0
Let x(t) be the third derivative of 11*t**4/8 - t**3/2 - 11*t**2. What is the units digit of x(4)?
9
Let t be (2/(-2))/(4/104). Let l = t - -22. What is the tens digit of (-58)/10*(-9 - l)?
2
Suppose -14 = 2*s - 34. Suppose -s + 15 = 5*n. What is the units digit of n?
1
Let s be (4 - 2)/(2/20). Let f(l) = -2*l + 51. What is the tens digit of f(s)?
1
Suppose -13*r + 9675 = -1518. What is the hundreds digit of r?
8
Let y(r) = -r**3 + 4*r**2 + 5*r + 1. Let j be y(6). Let x = 144 + j. What is the tens digit of x?
0
Let b(k) = -k**2 + 5*k - 2. Let n be b(3). Suppose -n + 10 = 3*q. What is the tens digit of (-6)/q + 1 + 24?
2
What is the units digit of ((-102)/(-8))/(5/80)?
4
Suppose 0 = v + 2*z - 151, 4*v - z - 589 = -6*z. What is the tens digit of v?
4
Suppose -414*f = -421*f + 17934. What is the units digit of f?
2
Suppose -6 = -4*i + 78. Let n = 74 - i. What is the units digit of n?
3
Let a(z) = -z**2 + 9*z - 15. Let p be a(6). Let k be -1*(p - 11)/4. Suppose -4*r = n - 0*n - 240, k*n - 185 = -3*r. What is the tens digit of r?
5
Let i = -6757 - -9786. What is the hundreds digit of i?
0
Let c(x) = -86*x - 31. What is the tens digit of c(-4)?
1
Let g = 578 - -84. What is the hundreds digit of g?
6
Suppose 4*i - 42 = -j + 6, 4*j = 3*i + 249. Suppose -1 = 8*p + 23. What is the units digit of 4 - 1/(p/j)?
4
Let k = 44 - 44. Suppose 13*u = -k*u + 169. What is the tens digit of u?
1
Let s = -58 - -51. What is the tens digit of s*84/(-4) - -1?
4
Let r(w) = -w**3 - 2*w**2 - 2*w - 1. Let d be r(-2). Suppose 4*i - 9 = d. Suppose -3*p - i*j = -24, -4 = -2*j + 6. What is the units digit of p?
3
Suppose -49 = -6*b - 7. Suppose 2*f - b*f = -1275. What is the hundreds digit of f?
2
Suppose 13*q = 15*q + 284. Let l = q - -341. What is the units digit of l?
9
Suppose 5*a + 8 = 13*a. What is the hundreds digit of ((-94)/(-8) + a)*200/25?
1
Suppose -4*j = 3*q - 2215, -30*q = -26*q + 5*j - 2952. What is the units digit of q?
3
Let w = -40 + 42. What is the tens digit of w/(-4) + 189/14?
1
Suppose 0 = -3*n + 286 + 176. Let v = n - 102. What is the units digit of v?
2
What is the thousands digit of ((-772)/(-16))/((-21)/(-1260))?
2
Suppose -5*d - 57 = -2*d. Let w = -8 - d. Let p = w + -4. What is the units digit of p?
7
What is the thousands digit of ((-6690)/12 - 7)*-4?
2
Suppose -3*t - 6 = 0, 4*f + 0*t - 3*t = 30. Let y = 9 - f. What is the units digit of y?
3
Suppose -j + 1 = 4*q + 3, -5*j - 5*q = -35. Let i(o) = 8 + 0 - 7 + 2*o. What is the tens digit of i(j)?
2
What is the hundreds digit of 277 - 2/(-3)*6?
2
Let d(w) = 2*w + 3. Suppose y + 10 = -q, -2*q = 3*q + 3*y + 52. Let n be -1 + 4/((-4)/q). What is the units digit of d(n)?
3
Suppose 0 = -4*s + s - 63. What is the hundreds digit of 2960/28 - 6/s?
1
Suppose 0 = -6*b + 27 - 183. What is the units digit of (-4)/b - 5949/(-117)?
1
Suppose 0 = -18*h + 14*h + 8. Suppose -h*u + 323 - 39 = 0. What is the hundreds digit of u?
1
Let w = 68 - 42. Let x = 74 - w. What is the units digit of x?
8
Suppose -5 + 21 = 4*k. Suppose -4*w = k*y - 176, -3*y = 7*w - 3*w - 133. What is the units digit of y?
3
Suppose 0*z = -4*z - 3*d + 25, 0 = -4*z - 4*d + 24. Suppose -4*w + z*w - 252 = 0. What is the tens digit of w?
8
Let r(h) = 19*h - 7. Let i be r(2). Suppose -2*v + 0*n = n - i, 5*v = -n + 85. Suppose -3*s + 4*s - v = 0. What is the tens digit of s?
1
Let x(s) = -s**3 - 5*s**2 - 3*s - 7. Let n be x(-6). Suppose 7*k = 5*k - 38. Let o = n + k. What is the units digit of o?
8
What is the tens digit of (76/190)/(-2 - (-45232)/22615)?
2
Let p = 7 - 4. Let w be (-10)/(-5) + p + 0. What is the units digit of ((-59)/w)/(1/(-5))?
9
Suppose 3*s - 393 = -5*q, 4*s + 17*q - 519 = 12*q. Suppose -2*y + 2 = 0, -37 = 2*a + 3*y - 188. Let h = s - a. What is the units digit of h?
2
Suppose -4*c - 4 = 2*r, 5*c + 0 + 10 = 0. Suppose r*x + x = -6. Let w = 4 + x. What is the units digit of w?
2
Suppose 0 = 2*l + 2*h - 5936 + 1694, 0 = 4*l + h - 8493. What is the hundreds digit of l?
1
Suppose 2*t + 3*t - 4*m = 11, -5 = -5*m. What is the units digit of 6/t + 30*(-4)/(-3)?
2
Let o(b) = -b**3 - 5*b**2 - b - 2. Let y be o(-6). Let f = y + -8. What is the units digit of f?
2
Let v = 7 - 4. Let q = 96 + v. What is the units digit of q?
9
Let o be ((-4)/4)/((-5)/10). Suppose -5*a = -6*x + o*x + 423, -3*a = -2*x + 253. Let u = a - -137. What is the units digit of u?
4
Let v be (-5)/10 - (-15)/(-6). Let f be 1*((v - -123) + -3). Suppose 2*y + 36 = 2*s, 2*y - 6*y + f = 5*s. What is the units digit of s?
1
Let z(u) = -429*u**2 + 3*u - 2. Let m be z(1). What is the hundreds digit of (2/(-1))/(3 + m/142)?
1
Let f be ((-6)/10)/(12/(-60)). Suppose 0 = -4*a + f*x + 36 + 395, -4*a + 4*x + 432 = 0. Let g = a + -63. What is the units digit of g?
4
Let h(p) = p**2 + 3*p - 56. What is the hundreds digit of h(-35)?
0
Suppose 5 - 152 = -3*b. Let v be b/(-14)*(-12)/14. Suppose -v*z = 5*n - 233, -2*z - z - n + 217 = 0. What is the tens digit of z?
7
Let h(m) = 5*m**2 - 11*m + 14. What is the units digit of h(-10)?
4
Suppose 73*z + 132940 = 107*z. What is the units digit of z?
0
Suppose -260*d = -256*d - 368. What is the tens digit of d?
9
Suppose 0*c - 5*d = -2*c + 2574, -3*d + 12 = 0. What is the thousands digit of c?
1
Let m be ((-8)/10 + 2)*(19 - -1). Suppose -m = -2*o + 102. What is the tens digit of o?
6
What is the units digit of 65546/20 - (-378)/(-1260)?
7
Let z be 4*-2*6/(-8). Let f be z/(-12) + 557/(-2). What is the tens digit of 6/15 + f/(-15)?
1
Suppose 30*d - 85230 = -0*d. What is the tens digit of d?
4
Suppose -2*q + 2 = -2*m, -2*m + q = -4*m + 1. Suppose m = -2*i + 1 + 51. What is the units digit of i?
6
Let n = -8 + 8. Suppose n = 9*w - 7*w + 368. Let b = -103 - w. What is the units digit of b?
1
Suppose 44*i = 29*i + 9795. What is the units digit of i?
3
Suppose -2*c = -7*c - 5*m + 790, -3*c = -5*m - 442. What is the units digit of c?
4
Suppose -n + 3914 = 4*f, -8*f + 11662 = 3*n - 12*f. What is the thousands digit of n?
3
Let x(f) = -41*f - 101. What is the tens digit of x(-10)?
0
Suppose 4 = -x + 3*b, -x + 6 = 2*b - 0*b. Let v be (42 - x) + 16/(-8). Suppose -3*d + 42 = -3*n, -5*n = 4*d + 9 - v. What is the tens digit of d?
1
Let m(z) = -z**3 - 29*z**2 - 45*z - 25. What is the units digit of m(-28)?
1
Let x(d) = 4*d - 9. Suppose -k + 10 = 4*t, 3*k + t = k + 13. Let l be x(k). Suppose 0 = 2*i - i - l. What is the units digit of i?
5
Let j = -72 + 49. Let f be 1215/25 - (-3)/(-5). Let w = j + f. What is the tens digit of w?
2
Let u(k) = k - 6*k - 43 + 40. What is the units digit of u(-14)?
7
Let f(p) = -125*p + 141. What is the units digit of f(-5)?
6
Suppose -3*r + 14 = 3*w - 7, 3*w - r - 9 = 0. Suppose -w = -7*z - 18. What is the tens digit of (2/3)/(z/(-93))?
3
Let t = -191 + 301. What is the units digit of t?
0
Let l = -545 + 2473. What is the tens digit of l?
2
Let v(c) = -c**3 + 10*c**2 - 5*c - 5. Suppose 5*n - 53 = 4*t, 4*t - t = -6. What is the units digit of v(n)?
1
Let t = -6 - -9. Suppose -84 - 108 = -t*p. Suppose 9 - p = -5*s. What is the units digit of s?
1
Suppose 4*b = -d + 23 + 43, 0 = -4*d + 4*b + 184. Suppose w = -d - 146. Let z = -135 - w. What is the units digit of z?
1
Suppose -10*